15858328?
False
Is 606553335 a multiple of 885?
True
Does 142 divide 479720304?
True
Is 1436 a factor of 7355192?
True
Is 251 a factor of 164445878?
False
Does 2277 divide 1768716675?
True
Is 365 a factor of 9031195?
True
Does 4437 divide 3085920189?
True
Does 283 divide 108223162?
True
Does 595 divide 22013511?
False
Does 2773 divide 1198171705?
True
Is 161 a factor of 5527050?
False
Is 59596194 a multiple of 14?
True
Does 50 divide 8373369?
False
Does 1440 divide 30043324?
False
Is 610 a factor of 51884706?
False
Is 322 a factor of 79107672?
True
Does 50 divide 37668613?
False
Is 1358371796 a multiple of 17?
False
Does 55 divide 93624575?
True
Does 2766 divide 10683702?
False
Is 523 a factor of 17869341?
True
Does 113 divide 50387730?
False
Does 3626 divide 1102100147?
False
Does 201 divide 23643223?
False
Is 55 a factor of 1996933840?
True
Does 927 divide 3307536?
True
Is 2024641 a multiple of 22?
False
Does 1159 divide 138182934?
True
Does 29 divide 1988587971?
True
Does 237 divide 81476186?
False
Is 44608226 a multiple of 271?
True
Is 12825379 a multiple of 7?
True
Is 246 a factor of 270795816?
True
Is 3819 a factor of 61497357?
True
Is 3837467458 a multiple of 4860?
False
Does 26 divide 157041039?
False
Is 31 a factor of 446834992?
True
Is 88 a factor of 671077968?
True
Is 18 a factor of 16374888?
True
Is 73605168 a multiple of 102?
False
Is 976647 a multiple of 7?
True
Is 102583800 a multiple of 24?
True
Is 1416761100 a multiple of 59?
True
Is 48978608 a multiple of 1712?
True
Is 83 a factor of 3972770?
False
Is 23 a factor of 780089436?
True
Does 22 divide 12233440?
False
Does 340 divide 96980240?
True
Is 26 a factor of 40715?
False
Is 10 a factor of 11019167?
False
Is 1162901736 a multiple of 2241?
False
Is 378 a factor of 335907810?
True
Is 180290575 a multiple of 73?
False
Is 3174170 a multiple of 9?
False
Is 43501592 a multiple of 281?
False
Does 652 divide 513552549?
False
Is 120685290 a multiple of 2290?
True
Is 247269236 a multiple of 1967?
False
Is 7511276 a multiple of 297?
False
Does 23 divide 8162562?
True
Is 2669817323 a multiple of 252?
False
Is 2857882352 a multiple of 22?
False
Is 19 a factor of 1960405560?
True
Does 233 divide 54807192?
True
Is 1062106508 a multiple of 382?
False
Is 115237406 a multiple of 903?
False
Is 42354936 a multiple of 13?
True
Is 2405 a factor of 18253950?
True
Does 529 divide 367673587?
False
Is 498964030 a multiple of 36?
False
Is 92467476 a multiple of 6?
True
Does 562 divide 1712747828?
True
Does 319 divide 69256495?
True
Is 150678785 a multiple of 8?
False
Is 1425 a factor of 152225625?
True
Is 893 a factor of 466877907?
False
Is 23456635 a multiple of 2?
False
Does 186 divide 326598702?
True
Does 2110 divide 1261159516?
False
Does 228 divide 7765900?
False
Does 268 divide 16036316?
True
Is 2614 a factor of 158580924?
True
Does 178 divide 1220084268?
True
Is 361130156 a multiple of 5713?
True
Is 1029 a factor of 9550149?
True
Does 1757 divide 28355861?
False
Is 158 a factor of 271891352?
False
Is 54062720 a multiple of 85?
True
Does 34 divide 169562556?
True
Is 29593650 a multiple of 4150?
True
Is 16349047 a multiple of 4?
False
Does 49 divide 46109245?
True
Does 309 divide 197531175?
False
Does 11 divide 563930312?
True
Does 1750 divide 101343731?
False
Is 57623865 a multiple of 1963?
True
Is 3061 a factor of 134338107?
True
Is 9 a factor of 14345478?
True
Does 484 divide 86990288?
True
Is 53270733 a multiple of 57?
False
Is 7 a factor of 482045982?
False
Is 3 a factor of 596117116?
False
Is 41133489 even?
False
Does 201 divide 1836716448?
False
Is 14 a factor of 42654738?
True
Does 8 divide 39743272?
True
Does 1112 divide 28385012?
False
Does 8113 divide 839176268?
True
Is 3393 a factor of 164587644?
True
Is 25156739 a multiple of 913?
False
Does 8 divide 1255455456?
True
Is 31 a factor of 256653337?
False
Is 6 a factor of 19068726?
True
Is 663 a factor of 399506562?
True
Does 18 divide 105760031?
False
Does 1792 divide 29722112?
True
Is 32164900 a multiple of 100?
True
Is 146923657 a multiple of 154?
False
Is 213382858 a multiple of 13?
True
Is 49261080 a multiple of 15?
True
Does 77 divide 9077607?
True
Is 16 a factor of 62630641?
False
Is 5934800 a multiple of 16?
True
Is 6188 a factor of 258289853?
False
Is 128886408 a multiple of 6?
True
Is 430486308 a multiple of 66?
False
Is 114 a factor of 2472802185?
False
Is 78 a factor of 237965676?
True
Does 1055 divide 194271634?
False
Does 42 divide 78141756?
True
Is 288 a factor of 40939355?
False
Is 39328303 a multiple of 233?
True
Does 40 divide 472901025?
False
Is 108798286 a multiple of 7131?
False
Is 1034 a factor of 255108309?
False
Is 20705550 a multiple of 446?
True
Does 164 divide 1610658432?
True
Is 9 a factor of 96613218?
True
Is 109 a factor of 336921229?
False
Does 20 divide 24027141?
False
Is 635281753 a multiple of 1063?
True
Does 981 divide 133359102?
True
Is 6310 a factor of 1649077600?
False
Is 3 a factor of 1598932?
False
Is 62139904 a multiple of 122?
False
Is 69 a factor of 67860672?
True
Does 161 divide 52283945?
True
Is 50512820 a multiple of 385?
False
Is 20 a factor of 376679656?
False
Is 17164512 a multiple of 12?
True
Does 1013 divide 80750683?
False
Is 1468253930 a multiple of 13?
True
Is 1562 a factor of 473489314?
False
Does 510 divide 1145004570?
True
Does 1777 divide 20418272?
False
Does 4 divide 40179281?
False
Is 370684083 a multiple of 7?
True
Does 111 divide 469369050?
True
Does 471 divide 196976554?
False
Does 529 divide 245699340?
True
Is 201986766 a multiple of 1590?
False
Does 339 divide 27239667?
True
Is 376659046 a multiple of 6?
False
Is 51891404 a multiple of 164?
True
Is 72 a factor of 8036136?
True
Is 201291415 a multiple of 13?
True
Is 6 a factor of 11194446?
True
Does 666 divide 15991180?
False
Is 148799899 a multiple of 29?
True
Does 69 divide 42636411?
True
Does 79 divide 335686247?
True
Is 468313367 a multiple of 5385?
False
Is 6713189 a multiple of 4?
False
Is 98902481 a multiple of 353?
True
Does 54 divide 772062734?
False
Is 72 a factor of 101110?
False
Does 1129 divide 2463112540?
False
Is 1806 a factor of 107171652?
True
Is 27033995 a multiple of 2855?
True
Is 17 a factor of 60830012?
True
Is 349 a factor of 2159349203?
True
Is 6 a factor of 955992272?
False
Does 105 divide 2931320385?
True
Does 536 divide 987505496?
True
Is 111 a factor of 3906418?
False
Does 112 divide 9328480?
True
Is 220384749 a multiple of 140?
False
Is 393955688 a multiple of 31?
True
Does 4682 divide 1291391176?
False
Does 34 divide 36458166?
True
Is 109 a factor of 368360491?
False
Is 33 a factor of 615897918?
False
Does 13 divide 657561860?
False
Does 4102 divide 299884914?
True
Does 57 divide 1082621007?
True
Is 765 a factor of 110479534?
False
Is 8 a factor of 249150312?
True
Does 11 divide 1020998?
True
Is 726591101 a multiple of 5531?
False
Does 3469 divide 209865911?
False
Does 9 divide 1135255482?
True
Does 16 divide 146399696?
True
Does 16 divide 12047328?
True
Is 31636208 a multiple of 127?
True
Does 11 divide 90460997?
True
Is 551936110 a multiple of 10?
True
Does 251 divide 82464042?
True
Is 101023795 a multiple of 9?
False
Is 30188370 a multiple of 15?
True
Does 274 divide 260778272?
False
Is 44681772 a multiple of 132?
False
Is 2062293228 a multiple of 212?
False
Does 332 divide 451741444?
True
Is 134211972 a multiple of 19?
True
Is 199273712 a multiple of 37?
True
Is 11328018 a multiple of 442?
True
Is 233 a factor of 228897103?
True
Is 609924493 a multiple of 11?
False
Does 96 divide 569812224?
True
Is 15 a factor of 3269070?
True
Does 778 divide 8460750?
True
Does 1517 divide 444090278?
False
Does 321 divide 2715800919?
True
Is 1985619750 a multiple of 6150?
True
Does 2172 divide 265737684?
True
Is 111237156 a multiple of 2726?
True
Is 46541658 a multiple of 366?
True
Is 1138067 a multiple of 43?
False
Is 48 a factor of 8892312816?
True
Is 123 a factor of 374557755?
True
Is 215 a factor of 126008410?
False
Is 3145969 even?
False
Is 963948919 a multiple of 74?
False
Does 4893 divide 1821742188?
True
Is 316370479 a multiple of 34?
False
Does 5474 divide 1525680486?
False
Does 372 divide 1922795088?
True
Does 43 divide 528560214?
True
Is 11545847 a multiple of 80?
False
Does 8 divide 28510728?